et f(g) = -g**3 + 47*g**2 - 10*g + 385. Give f(47).
-85
Let k(i) = i**3 - 35*i**2 + 298*i - 15. Calculate k(16).
-111
Let h(f) = 3*f**2 + 455*f + 2263. Calculate h(-5).
63
Let m(s) = 2*s**3 - 57*s**2 - 21*s - 180. Determine m(29).
52
Let d(k) = 8*k**2 - 63*k + 469. Calculate d(9).
550
Let l(o) = o**3 + 30*o**2 + 2*o + 208. Give l(-30).
148
Let w(s) = 23*s - 1622. What is w(69)?
-35
Let m(g) = -82*g - 847. Determine m(-22).
957
Let d(q) = -3*q**3 + 20*q**2 - 13*q + 15. Determine d(6).
9
Let n(p) = p**3 + 26*p**2 - 19*p + 211. What is n(-27)?
-5
Let p(o) = o**3 + 21*o**2 + 6*o - 301. Determine p(-20).
-21
Let q(u) = -u**3 + 33*u**2 - 124*u + 1041. Determine q(30).
21
Let c(j) = -496*j + 1140. Calculate c(3).
-348
Let d(g) = 81*g**2 - 7*g - 1. Determine d(1).
73
Let i(u) = -u**3 - 74*u**2 + 231*u + 362. What is i(-77)?
362
Let u(c) = -2*c**3 + 2*c**2 + 3*c + 13. What is u(-4)?
161
Let h(k) = k**3 - 10*k**2 - 3*k - 81. Determine h(7).
-249
Let j(u) = u**2 - 1273*u - 8976. Determine j(-7).
-16
Let f(y) = 94*y - 1138. Determine f(11).
-104
Let w(r) = 4*r**2 - 174*r + 535. Determine w(40).
-25
Let q(x) = x**3 + 18*x**2 + 34*x - 459. Determine q(-10).
1
Let a(n) = 2*n**3 + 16*n**2 + n + 17. What is a(-8)?
9
Let t(l) = 33*l - 2579. Determine t(72).
-203
Let n(m) = m**2 - 71*m + 695. Give n(12).
-13
Let d(a) = 816*a - 49793. Give d(61).
-17
Let k(m) = -36*m - 1032. Calculate k(-15).
-492
Let l(r) = -r**3 + 14*r**2 + 49*r + 193. Give l(18).
-221
Let y(k) = 578*k + 1164. Calculate y(-2).
8
Let q(r) = -16*r - 350. Determine q(-41).
306
Let d(p) = -21*p - 15. Give d(-3).
48
Let p(f) = -2*f**2 - 48*f - 84. Calculate p(-21).
42
Let m(c) = -c**3 - 21*c**2 + 49*c + 38. Give m(-23).
-31
Let z(o) = -11*o**2 - 3*o - 6. What is z(3)?
-114
Let k(v) = -v**3 + 66*v**2 - 99*v - 1817. What is k(64)?
39
Let k(z) = -3*z**3 - 5*z**2 - 46*z - 42. What is k(-1)?
2
Let s(k) = -27*k - 119. Determine s(6).
-281
Let x(t) = -t**2 + 38*t - 61. Give x(32).
131
Let k(y) = 2*y**3 - 7*y**2 - 14*y + 24. Give k(4).
-16
Let g(p) = 205*p - 813. What is g(4)?
7
Let g(d) = 1819*d - 3638. Determine g(2).
0
Let k(j) = 7*j**3 + 4*j**2 - 6*j - 2. Determine k(-2).
-30
Let r(c) = -c**2 - 57*c - 721. What is r(-38)?
1
Let y(k) = 90*k + 723. Calculate y(-8).
3
Let v(z) = -z**2 - 17*z - 29. What is v(-16)?
-13
Let s(a) = 6*a**2 + 175*a + 72. Calculate s(-29).
43
Let i(t) = 260*t + 540. Give i(-2).
20
Let h(j) = -15*j**2 + 60*j - 48. What is h(3)?
-3
Let g(u) = 13*u + 324. What is g(-25)?
-1
Let v(s) = -s**2 + 7*s + 9. Calculate v(12).
-51
Let x(k) = 13*k - 76. Give x(42).
470
Let h(j) = -335*j + 3323. What is h(10)?
-27
Let m(o) = 891*o + 36529. What is m(-41)?
-2
Let z(s) = s**2 + 47*s + 203. Give z(-35).
-217
Let s(k) = -12*k**3 - 183*k**2 - 44*k + 24. Give s(-15).
9
Let p(w) = -29*w + 63. Give p(5).
-82
Let q(m) = 8*m**3 - 10*m**2 + 13*m. What is q(2)?
50
Let n(b) = -b**3 - 12*b**2 - 36*b + 16. What is n(-8)?
48
Let y(q) = 110*q - 220. Calculate y(2).
0
Let p(z) = -z**3 - 9*z**2 + 157*z + 1474. Determine p(-11).
-11
Let h(w) = -w**2 - 610*w - 2426. Give h(-4).
-2
Let k(d) = 17*d**2 - 137*d + 571. Calculate k(4).
295
Let g(w) = w**3 - 13*w**2 + 29*w - 1. What is g(12)?
203
Let c(d) = 4*d + 231. Calculate c(-9).
195
Let a(u) = -u**2 - 23*u - 136. Calculate a(-11).
-4
Let i(h) = 11*h**2 + 5*h - 22. Give i(4).
174
Let u(j) = -65*j + 2463. Calculate u(38).
-7
Let d(v) = 4*v**3 - 2*v**2 + 9*v + 2. What is d(-4)?
-322
Let f(c) = -1832*c + 23801. Calculate f(13).
-15
Let s(q) = 20*q + 141. Give s(-8).
-19
Let n(u) = 601*u + 12. Determine n(-1).
-589
Let u(b) = -2*b**2 + 45*b + 262. Determine u(-5).
-13
Let k(w) = -259*w - 505. Calculate k(-2).
13
Let m(u) = -u**3 - 14*u**2 + 363*u + 4584. What is m(-12)?
-60
Let q(j) = -2*j**2 + 80*j + 147. Determine q(43).
-111
Let r(y) = -1027*y**3 - 2*y**2 + 10*y - 7. Give r(1).
-1026
Let t(d) = -d**3 + 7*d**2 + d - 25. Calculate t(4).
27
Let s(a) = 54*a + 84. What is s(-2)?
-24
Let u(f) = 362*f + 19. What is u(0)?
19
Let i(y) = -2*y**3 - 7*y**2 - 13*y + 134. What is i(-7)?
568
Let z(r) = -56*r + 343. Give z(-1).
399
Let k(t) = -t**3 - 7*t**2 + 6*t - 40. What is k(-10)?
200
Let a(s) = -3*s**3 - 33*s**2 - 63*s - 328. Calculate a(-10).
2
Let z(b) = 9*b**3 + 1436*b**2 + 798*b + 476. Calculate z(-159).
-1
Let h(j) = -9*j - 37. Give h(-4).
-1
Let h(p) = 2*p**2 - 61*p - 20. Give h(26).
-254
Let c(p) = -3*p**2 + 4*p + 6. Calculate c(-3).
-33
Let c(m) = -11*m**3 - m**2 + m + 6. Calculate c(-2).
88
Let l(u) = 15*u**2 - 215*u + 74. Give l(14).
4
Let o(f) = 2*f**3 - 26*f**2 + 9*f - 127. Give o(15).
908
Let x(s) = 6*s**3 + 590*s**2 + 188*s - 782. Calculate x(-98).
2
Let f(h) = -h**2 - 55*h - 480. Give f(-44).
4
Let z(n) = 2*n**2 - 50*n - 14. What is z(27)?
94
Let q(h) = h**3 + 9*h**2 - 22*h + 39. Determine q(-11).
39
Let m(i) = 5*i**2 - 36*i + 116. What is m(3)?
53
Let l(o) = -3540*o - 14. Give l(0).
-14
Let w(x) = 15*x - 178. Calculate w(7).
-73
Let b(j) = 195*j**2 - 384*j - 12. Determine b(2).
0
Let t(w) = -5*w**2 + 24*w - 91. What is t(6)?
-127
Let l(u) = -2*u**3 - 5*u**2 + 11*u - 16. What is l(5)?
-336
Let c(f) = 26*f + 4. Give c(-3).
-74
Let v(w) = -3*w**3 - 6*w**2 - 17*w - 5. Determine v(-3).
73
Let c(s) = -3*s**3 + 209*s**2 - 137*s - 97. Determine c(69).
-28
Let i(n) = -110*n - 296. Calculate i(-6).
364
Let q(h) = 5*h - 9. Calculate q(-6).
-39
Let d(m) = -3*m**3 - 10*m**2 + 30*m + 17. Determine d(4).
-215
Let a(d) = 1174*d + 19954. Give a(-17).
-4
Let s(d) = -184*d + 2563. Determine s(14).
-13
Let w(g) = 2*g**2 - 51*g + 35. Give w(25).
10
Let j(f) = 32*f - 1974. Determine j(62).
10
Let g(l) = -8*l**3 - l**2 - 237*l - 236. Give g(-1).
8
Let a(c) = -c**3 - 31*c**2 + 2*c + 56. Calculate a(-31).
-6
Let s(w) = 10*w - 110. Give s(3).
-80
Let f(x) = -35*x - 1676. Give f(-48).
4
Let a(p) = -2*p**3 + 4*p**2 - 2*p. What is a(4)?
-72
Let g(a) = a**3 - 27*a**2 + 140*a + 7. Calculate g(7).
7
Let v(u) = u**2 - 41*u - 5. Calculate v(39).
-83
Let b(c) = 2*c - 22. What is b(-44)?
-110
Let b(h) = h**3 - 48*h**2 - 97*h + 44. What is b(50)?
194
Let k(z) = z**2 + z - 121. Give k(0).
-121
Let j(n) = -n**2 + 128*n - 1424. Calculate j(12).
-32
Let g(l) = -l**2 - 58*l + 1756. Determine g(22).
-4
Let o(u) = 15*u + 1291. Give o(-84).
31
Let c(q) = 55*q + 221. Determine c(-4).
1
Let l(q) = -q**3 + 7*q**2 - 7*q + 23. Calculate l(6).
17
Let l(u) = -u**3 - 4*u**2 + 8*u + 97. What is l(0)?
97
Let n(x) = 3*x**3 - 2*x**2 - 8*x + 8. Determine n(1).
1
Let v(j) = -101*j**2 - 3335*j - 71. Determine v(-33).
-5
Let i(q) = q**2 + 83*q + 991. Determine i(-15).
-29
Let l(b) = b**2 + 70*b + 871. Calculate l(-18).
-65
Let b(n) = 25*n - 157. Determine b(5).
-32
Let z(t) = -t**2 - 7*t - 16. What is z(-5)?
-6
Let o(f) = 960*f + 3900. Determine o(-4).
60
Let m(k) = 4*k**2 + 133*k + 76. Calculate m(-31).
-203
Let z(o) = -437*o + 6087. Determine z(14).
-31
Let g(w) = -9*w**2 - 129*w + 95. Give g(-15).
5
Let b(m) = 2*m**3 - 2*m**2 - 134*m - 8. What is b(0)?
-8
Let u(t) = 5*t**3 + 194*t**2 - 8*t + 1203. Give u(-39).
-6
Let a(j) = j**3 + 8*j**2 - 18*j + 24. What is a(-10)?
4
Let z(d) = 192*d**3 - 3*d**2 - 8*d - 6. Calculate z(-1).
-193
Let q(s) = -7*s**2 - 8*s + 168. Give q(8).
-344
Let v(k) = -k**2 + 90*k + 782. Give v(-8).
-2
Let r(l) = l**3 + 11*l**2 - 122. Give r(-15).
-1022
Let a(p) = -414*p + 2928. Determine a(7).
30
Let o(f) = f**3 + 145*f**2 + 553*f - 41. Calculate o(-4).
3
Let a(d) = -d**3 + 9*d**2 + 12*d - 102. Calculate a(8).
58
Let b(g) = 5*g**3 - 9*g**2 + 16*g - 5. Calculate b(2).
31
Let g(i) = -2*i**3 - 32*i**2 - 9*i - 24. Calculate g(-15).
-339
Let n(l) = -12*l + 508. Give n(42).
4
Let d(p) = -4*p**3 + 36*p**2 - 14. Give d(9).
-14
Let r(o) = -99*o + 1526. Determine r(14).
140
Let f(j) = j**2 + 10754*j + 85962. Calculate f(-8).
-6
Let b(q) = -4*q**3 + 21*q**2 - 55*q - 10. What is b(3)?
-94
Let g(u) = 2*u**3 - 42*u**2 + 26*u + 361. Determine g(20).
81
Let r(l) = -12*l**2 - l - 31. What is r(5)?
-336
Let m(q) = -q**3 + 93*q**2 - 678*q - 35. Determine m(85).
135
Let m(b) = -b**2 - 70*b - 1168. Determine m(-43).
-7
Let u(g) = -2*g**3 + 77*g**2 - 242*g - 84. Determine u(35).
21
Let p(i) = -646*i - 45. What is p(0)?
-45
Let z(n) = 10*n**3 - 31*n**2 - 30*n - 1. Calculate z(-1).
-12
Let k(z) = z**3 - 124*z**2 + 48*